mposite?
True
Is 8723529741 a composite number?
True
Is 8698529647 composite?
False
Is 1129196773 prime?
False
Is 105336355997 composite?
False
Is 1307117857 a prime number?
True
Is 1959470239 prime?
False
Is 1244335891 a prime number?
True
Is 143036604002 a composite number?
True
Is 75371378 a composite number?
True
Is 235369061 composite?
True
Is 1346438419 composite?
True
Is 609947279 a prime number?
True
Is 7836493183 prime?
False
Is 2033342243 composite?
False
Is 662425729 composite?
True
Is 22239819293 a composite number?
True
Is 19966781 composite?
True
Is 231196741 a prime number?
True
Is 2319681779 composite?
True
Is 12829611115 composite?
True
Is 18869799749 composite?
True
Is 34692090463 a prime number?
False
Is 5734648531 composite?
False
Is 625274729 a composite number?
True
Is 297113153 prime?
False
Is 2128342017 prime?
False
Is 292150031 composite?
True
Is 43433339207 composite?
False
Is 471110807 prime?
False
Is 2592697333 composite?
True
Is 5080599047 a prime number?
True
Is 6468336635 a prime number?
False
Is 2115920311 a prime number?
False
Is 2974304447 prime?
True
Is 15265148299 prime?
True
Is 199584271 a composite number?
True
Is 1128686497 prime?
False
Is 95929250627 a prime number?
False
Is 205421633 a prime number?
True
Is 5829447167 a composite number?
True
Is 427205749 prime?
False
Is 22278813157 composite?
True
Is 9689281361 composite?
False
Is 104947449895 prime?
False
Is 227022067 prime?
False
Is 54462725669 composite?
True
Is 18279471503 prime?
False
Is 442093297 a composite number?
False
Is 16821345301 prime?
True
Is 2052125671 a prime number?
False
Is 14812616053 prime?
True
Is 664036183 a prime number?
True
Is 2859598403 a prime number?
True
Is 8364147853 a composite number?
False
Is 1170980509 prime?
True
Is 4232138198 composite?
True
Is 13772605463 a composite number?
True
Is 10629451957 a composite number?
True
Is 5286820183 prime?
True
Is 4730221409 a prime number?
True
Is 642482069 a prime number?
False
Is 3443373655 a prime number?
False
Is 18420854279 prime?
True
Is 362894489 composite?
False
Is 79513582853 a prime number?
False
Is 1420639777 a prime number?
False
Is 1060139203 prime?
False
Is 7560271307 prime?
True
Is 2916037051 a prime number?
False
Is 10482222197 prime?
False
Is 380620811 a composite number?
True
Is 1128908623 a prime number?
True
Is 33095705453 prime?
False
Is 273014003 prime?
True
Is 943367573 composite?
True
Is 26456047791 composite?
True
Is 9203265221 composite?
True
Is 13205637443 composite?
False
Is 805552919 a prime number?
True
Is 2248323809 a prime number?
True
Is 9963831389 a composite number?
False
Is 191913367 a composite number?
False
Is 7244168362 a composite number?
True
Is 44614314037 a composite number?
True
Is 1255237927 a composite number?
False
Is 44829621779 composite?
False
Is 931293707 prime?
True
Is 21938679083 a composite number?
False
Is 658088836285 prime?
False
Is 3724323179 a composite number?
False
Is 13431980201 prime?
True
Is 57892181107 prime?
True
Is 6148598033 prime?
True
Is 5604677695 a prime number?
False
Is 46407916801 a prime number?
False
Is 65184472037 composite?
False
Is 984210806 a composite number?
True
Is 1118635261 a prime number?
False
Is 2540312611 prime?
True
Is 101377787647 a prime number?
False
Is 824367153 a composite number?
True
Is 502736989 a prime number?
True
Is 4656859001 a composite number?
False
Is 14081492917 a prime number?
False
Is 2644092741 prime?
False
Is 4421471497 composite?
True
Is 395074389 a prime number?
False
Is 161152517 a prime number?
False
Is 555650917 a prime number?
False
Is 38260782269 prime?
False
Is 2143768019 composite?
False
Is 1997307034 prime?
False
Is 4892582731 a prime number?
False
Is 13353533 a composite number?
True
Is 487732067 composite?
False
Is 703758137 composite?
True
Is 1958203619 composite?
False
Is 7230231881 composite?
True
Is 668042941 composite?
False
Is 4166314123 a composite number?
True
Is 157887011 prime?
True
Is 3631409553 composite?
True
Is 4127599199 a composite number?
False
Is 968984339 a prime number?
False
Is 14278725229 composite?
False
Is 6458656357 a composite number?
False
Is 215423833 a composite number?
False
Is 1744017271 prime?
False
Is 31948123373 a composite number?
False
Is 62677297499 prime?
True
Is 65375251879 a prime number?
False
Is 79341455981 a composite number?
False
Is 3844355399 composite?
False
Is 179222443 a prime number?
True
Is 7196983021 composite?
True
Is 13002619433 a prime number?
False
Is 6242930521 a composite number?
False
Is 11864619343 composite?
True
Is 35930131235 a composite number?
True
Is 11256479707 a composite number?
True
Is 803377181 prime?
True
Is 87143396953 a prime number?
False
Is 7043742161 composite?
False
Is 56668571117 a composite number?
True
Is 578501719 prime?
True
Is 20148900671 composite?
True
Is 23230538003 a prime number?
False
Is 523574729 prime?
False
Is 348375889 a prime number?
True
Is 23991785471 a composite number?
False
Is 255501469 composite?
False
Is 1472100029 a prime number?
False
Is 697997877 a composite number?
True
Is 14775490811 composite?
True
Is 8766092233 prime?
True
Is 185050321 prime?
False
Is 5841160727 prime?
True
Is 211986289 a prime number?
True
Is 377204017 a composite number?
True
Is 10872582179 a prime number?
False
Is 230613763 a prime number?
False
Is 1968162359 a composite number?
False
Is 873233003 a composite number?
False
Is 396043993 a composite number?
False
Is 5322729409 a prime number?
True
Is 30786451 composite?
True
Is 3876143 a composite number?
False
Is 878258257 prime?
False
Is 234626515 a composite number?
True
Is 705562411 a prime number?
False
Is 463693469 a composite number?
False
Is 427409933353 a composite number?
True
Is 25471464385 a prime number?
False
Is 3128462759 a composite number?
False
Is 3594600641 prime?
True
Is 921714031 a prime number?
False
Is 34780248281 a composite number?
False
Is 11435012581 a prime number?
True
Is 566449201 a prime number?
False
Is 433484027 a prime number?
True
Is 6342618953 composite?
True
Is 9120218377 a prime number?
True
Is 8108070307 a prime number?
False
Is 235245151 composite?
False
Is 5983109479 composite?
False
Is 110190887 a composite number?
False
Is 550288801 prime?
True
Is 13817050333 composite?
False
Is 2990087587 a composite number?
False
Is 289958057 a composite number?
False
Is 87188634289 composite?
True
Is 599189099 a prime number?
True
Is 23309974691 a prime number?
True
Is 38715587 a composite number?
False
Is 29263571 a composite number?
False
Is 1118320157 prime?
True
Is 46976846003 a prime number?
True
Is 8633926711 prime?
True
Is 713170889 composite?
True
Is 3972863003 prime?
True
Is 1163667013 a prime number?
False
Is 64005065119 composite?
True
Is 124360709 prime?
False
Is 4214205713 composite?
False
Is 501677569 a composite number?
False
Is 6271385147 a prime number?
True
Is 1510072111 a composite number?
True
Is 100771829753 prime?
False
Is 59724622255 a composite number?
True
Is 27755026699 prime?
False
Is 282350153 a composite number?
True
Is 639824435 composite?
True
Is 3732004183 a prime number?
True
Is 11438100449 a composite number?
True
Is 68208526811 prime?
False
Is 11611727 a composite number?
False
Is 653952823393 prime?
True
Is 1328914277 a prime number?
False
Is 2644542755 a prime number?
False
Is 274322947 a prime number?
True
Is 3736122593 composite?
True
Is 1229995979 a composite number?
True
Is 982118663 a prime number?
False
Is 3583078823 a composite number?
False
Is 49500457637 a prime number?
True
Is 91396069 a prime number?
True
Is 197168678309 a prime number?
False
Is 14781751181 a prime number?
False
Is 44766954247 prime?
True
Is 11208608347 a prime number?
False
Is 13451871001 prime?
True
Is 3397194929 a composite number?
False
Is 361768993 prime?
False
Is 56682497527 composite?
False
Is 1318867801 composite?
False
Is 1180794011 a composite number?
True
Is 10008279761 composite?
False
Is 8646460681 a prime number?
False
Is 1369276093 a prime number?
False
Is 6095428807 prime?
False
Is 347601151 a composite number?
True
Is 2486088637 composite?
True
Is 1266921217 a composite number?
True
Is 58351463921 a prime number?
True
Is 243292387 a composite number?
True
Is 13942756237 a 